t x = 300 + -286. Calculate the highest common factor of 378 and x.
14
Let b be 0 + -4 + 9/1. Suppose 96 = 3*q - o, b*q - 3*o - o - 160 = 0. Let w = -7 + 15. What is the greatest common factor of w and q?
8
Let s = 34 + 149. Suppose 4*q + 5 = 3*i + 158, 5*q - i - s = 0. Suppose -2*h + 4*p = 8*p - 28, 0 = 4*p - 4. What is the highest common divisor of h and q?
12
Let l be (-51)/(-5)*(10 - 5). Let h be 24/(-180) - 77/(-15). Suppose 5*d - 10 = -h*w + 65, w = -2*d + 32. What is the highest common factor of l and d?
17
Suppose 0 = -5*t + x - 3*x - 72, 4*x + 4 = 0. Let y be t*(-33)/(-6)*-3. Suppose 3*a = 8*a - 105. Calculate the greatest common divisor of y and a.
21
Let o be (-29)/((-261)/(-216))*5/(-2). What is the greatest common divisor of 110 and o?
10
Let w be 16/(-28) - 720/(-84). Calculate the highest common factor of 64 and w.
8
Let b(m) = -m**2 + 5*m + 23. Let i be b(7). Suppose 8*x - 11*x + i = 0. Calculate the highest common factor of x and 24.
3
Let n = -38 + 86. Suppose 23*r - n = 17*r. Calculate the highest common factor of 72 and r.
8
Suppose -64*b + 1026 = -446. Suppose -216 = -3*m - 78. Calculate the greatest common divisor of b and m.
23
Let z(y) = -y**3 + 19*y**2 - 5*y - 5. Let a be z(17). What is the greatest common divisor of 24 and a?
8
Suppose -j = -7 + 1. Let h(v) = -v**3 - 8*v**2 + 49*v + 21. Let w be h(-12). Calculate the greatest common factor of j and w.
3
Let n(w) = -50*w - 30. Let z be n(10). Let j = -320 - z. What is the highest common factor of 30 and j?
30
Let d = 564 + -492. What is the greatest common factor of 225 and d?
9
Let l = 1310 + -1238. What is the greatest common factor of 2304 and l?
72
Let p = -11 - -15. Calculate the highest common factor of 8 and p.
4
Let j be (-1)/5 - 12/60*-1936. Calculate the greatest common divisor of 86 and j.
43
Suppose -5*u + 4*b = -158, -5*u + 10*b = 11*b - 148. What is the highest common divisor of 140 and u?
10
Let a be 10 + -4*(-4)/48*-3. Let q(k) = k**2. Let n be q(1). Calculate the greatest common factor of n and a.
1
Let b(o) = 7*o**2 - 4*o - 81. Let c be b(7). Calculate the greatest common factor of 390 and c.
78
Let r be ((-33)/2)/(-3 + 22/8). Suppose 0 = -4*l - 12, 0*p + 2*p + 2*l = r. What is the greatest common factor of p and 9?
9
Let c = -627 + 746. What is the highest common divisor of 187 and c?
17
Let t(a) = 22*a - 82. Let s be t(26). What is the greatest common factor of 10 and s?
10
Let a = 1524 + -1502. Calculate the greatest common factor of a and 2.
2
Suppose 2*y + 49 = 3*h - 348, 5*h + 3*y = 687. Let l be (1/1)/(5/h). Let x = -12 - -21. What is the highest common factor of x and l?
9
Let n(z) = -z**3 - 10*z**2 - 20*z - 26. Let k be n(-8). Suppose -81 = -3*l + 87. Suppose 10*c = k*c + l. What is the greatest common factor of 84 and c?
14
Suppose -4*r + 2 = -3*l - 1, 3*l = 3*r. Suppose 0 = 2*x - 2, -3*x + 75 = 6*f - l*f. What is the greatest common factor of f and 60?
12
Let n(k) = k**3 + 10*k**2 - 10*k + 13. Let t be n(-11). Suppose 0 = -5*r - 4*i - 39 + 895, 0 = t*r - 3*i - 324. What is the greatest common divisor of r and 14?
14
Let m be ((-1)/2)/((-3)/18). Suppose m*j - 72 = -6*j. What is the highest common divisor of 8 and j?
8
Let f = -23 + 39. Let a be 10/(-3)*(-5886)/45. Suppose 3*h - 5*s - a = -s, 5*h + 5*s = 715. Calculate the greatest common divisor of f and h.
16
Let j be (-6)/21 + ((-11160)/42)/(-6). Calculate the greatest common divisor of 44 and j.
44
Let l = -12 - -14. Suppose 3*w - 23 = 7*d - 2*d, -d - 27 = -l*w. Let v = w - 12. What is the greatest common factor of v and 12?
4
Let z = 720 + -666. What is the highest common divisor of 1674 and z?
54
Let m(w) = 13*w - 125. Let d be m(11). Calculate the highest common factor of 954 and d.
18
Let o be 1100/52 + 8/(-52). Suppose -4*r + o = -5*x, -5*r = 3*x - 4 - 13. Calculate the greatest common divisor of r and 32.
4
Let d = 1520 + -112. What is the greatest common factor of 88 and d?
88
Suppose 5*h + 3*q - 118 = -27, 0 = -4*h + q + 83. Let l = -32 - -52. Calculate the highest common factor of l and h.
20
Let z(a) = -a**3 - 13*a**2 - 45*a - 21. Let h be z(-9). What is the greatest common divisor of h and 12?
12
Let t(b) = 86*b**2 - 8*b + 7. Let u be t(1). Calculate the greatest common factor of u and 119.
17
Suppose w + 0*w = 4. Suppose -5*f + 42 = l + l, 4*l + w = f. Calculate the greatest common factor of 72 and f.
8
Let t(l) = l**2 - 3*l - 2. Let h be t(-1). Let g be 15/h*24/18. Suppose -5*j - 3*c = 2*c - 240, 210 = 4*j - 5*c. Calculate the highest common factor of g and j.
10
Suppose 3*o + 797 = 2939. Calculate the greatest common divisor of o and 28.
14
Let r = -62 + 84. Suppose -4*x - 2*q = -r, -3*q + 2 = -4*x + 9. What is the highest common divisor of 28 and x?
4
Let x be (-20 - -10)/(0 - 1). Suppose -2*d + 74 = x. Calculate the greatest common divisor of d and 256.
32
Suppose -70 = -5*v + 2*w, v = 6*v + w - 70. Let f = 82 - v. Calculate the highest common factor of 17 and f.
17
Let m(d) = -8*d - 10. Let h be m(-4). Suppose 0 = -21*a + h*a + 3. Let j be a/4 - 31/(-4). Calculate the greatest common factor of j and 63.
7
Let w be (17/2)/((-3)/(-102)) + 2. Calculate the greatest common divisor of w and 3.
3
Suppose 0 = -4*v + 17 - 5. Suppose -v = -u - 2. Suppose 0 = y + 5*f + 3 + 1, 2*f = y - 3. What is the highest common factor of y and u?
1
Let z = 869 + 1. What is the greatest common factor of z and 30?
30
Let f(z) = z**3 - 13*z**2 + 19*z - 14. Let b be f(12). Let h = -38 + b. What is the highest common factor of 80 and h?
16
Let f = 210 + -72. Suppose s + f = 338. What is the greatest common factor of 25 and s?
25
Let h = -78 + 135. Calculate the greatest common divisor of 228 and h.
57
Let x(c) = -c**2 + 16*c - 30. Let b be x(7). What is the highest common divisor of b and 231?
33
Let w be (-24651)/(-132) - -1*2/8. Calculate the highest common factor of w and 11.
11
Let v(d) = 6*d + 14. Let f be v(5). Let t = -29 + f. What is the highest common factor of t and 105?
15
Let c = 479 - -70. Calculate the greatest common factor of 18 and c.
9
Suppose 0 = -v - 3*f - 22 - 7, 0 = -5*f - 25. Let o = v + 18. What is the greatest common factor of o and 10?
2
Suppose -198 = -3*z + 4*s, -5*z = -3*s + 7*s - 362. What is the highest common divisor of z and 105?
35
Let f = -62 + 67. Calculate the greatest common divisor of 25 and f.
5
Let l(m) = 10*m. Let h be l(1). Let u be 3 + (-315)/(-18) - 7/14. Calculate the highest common factor of h and u.
10
Let s(h) = h**2 - 14*h - 20. Let w be s(6). Let c = w - -92. What is the highest common factor of 192 and c?
24
Suppose 0 = -l - 17*d + 12*d + 24, 64 = 5*l - 3*d. Let c be ((-14)/(-4))/(1/10). Calculate the highest common factor of c and l.
7
Suppose -2*q + 2*z + 92 = 0, 8*q + z = 3*q + 218. Calculate the greatest common factor of 99 and q.
11
Suppose 3*h + 2*j - 2022 = 0, -584 = -2*h + 5*j + 783. Calculate the greatest common divisor of h and 1183.
169
Let w(m) = -8*m - 111. Let c be w(-27). Calculate the greatest common divisor of c and 567.
21
Let j = 38 - 54. Let r be (6 - 184/j) + (-3)/2. Calculate the highest common divisor of 32 and r.
16
Let m(d) = d**2 + 16*d - 12. Let x be m(-16). Let r be (-292)/x - 2/6. Let a(o) = -5*o - 2. Let j be a(-10). Calculate the highest common factor of r and j.
24
Let n = 15 - 6. Let c = -65 + 67. Suppose 4*v + 24 = c*r, 99 = 5*r + v + 2*v. What is the highest common divisor of r and n?
9
Let d be (-264)/(-15) + 2/5. Let k be (-4)/(-10) - 8063/(-55). Suppose 157 = 3*z - t, 2*t = -3*z + 5*t + k. Calculate the greatest common factor of d and z.
18
Suppose -k = -0*k - 1. Let t(b) = 10*b - 397. Let i be t(40). What is the highest common divisor of i and k?
1
Let j be (-87)/5*130/(-39). Calculate the greatest common factor of j and 2.
2
Let b = -10 + 15. Suppose -2*p - 2*y = -353 + 105, 20 = b*y. Suppose -2*h - p = -6*h. Calculate the greatest common divisor of 6 and h.
6
Let k(w) = 10*w**2 - 4*w. Suppose -3*j = 4*h + 71, 4*h - j = j - 66. Let d = h + 13. Let r be k(d). What is the greatest common divisor of r and 16?
16
Suppose 0 = -27*y - 11*y + 608. Calculate the highest common factor of y and 656.
16
Suppose -j = -4*v + 123, 3*j = 7*v - 311 + 92. What is the greatest common divisor of v and 45?
15
Let a be 360/(